{"id":703,"date":"2024-02-27T09:02:20","date_gmt":"2024-02-27T09:02:20","guid":{"rendered":"https:\/\/sportano.lt\/blog\/?page_id=703"},"modified":"2025-04-02T11:12:40","modified_gmt":"2025-04-02T11:12:40","slug":"sportano-pl-tinklarascio-paslaugos-naudojimo-taisykles-ir-salygos","status":"publish","type":"page","link":"https:\/\/sportano.lt\/blog\/sportano-pl-tinklarascio-paslaugos-naudojimo-taisykles-ir-salygos\/","title":{"rendered":"SPORTANO.LT TINKLARA\u0160\u010cIO PASLAUGOS NAUDOJIMO TAISYKL\u0116S IR S\u0104LYGOS\u00a0"},"content":{"rendered":"\n<p class=\"has-text-align-center\"><strong>I.<\/strong><strong>\u202f\u202f\u202f\u202f\u202f\u202f\u202f\u202f\u202f\u202f<\/strong><strong> BENDROSIOS NUOSTATOS<\/strong>&nbsp;<\/p>\n\n\n\n<p>1. Taisykl\u0117se apra\u0161omi Tinklara\u0161\u010dio paslaugos (toliau &#8211; Tinklara\u0161tis) teikimo principai interneto paslaugoje, kuri teikiama domene www.sportano.lt (toliau &#8211; Tinklara\u0161\u010dio taisykl\u0117s), kuri\u0105 teikia SPORTANO.COM sp\u00f3\u0142ka z ograniczon\u0105 odpowiedzialno\u015bci\u0105, kurios registruota buvein\u0117 yra Zielona G\u00f3ra (ul. Wroc\u0142awska 17B\/15, 65-427 Zielona G\u00f3ra), \u012fra\u0161yta \u012f Verslinink\u0173 registr\u0105, kur\u012f tvarko Zielona Guros apylink\u0117s teismas, 8-asis komercinis skyrius &#8211; Nacionalinis teism\u0173 registras, KRS Nr. 0000896178, NIP 9731077223, REGON 388722422, BDO 000550240, \u012fstatinis kapitalas 25 325 950,00 PLN, interneto svetain\u0117s adresas: www.sportano.lt, el. pa\u0161to adresas: info@sportano.lt, telefono numeris: +370 4\u202f624 6428. (mok\u0117jimas kaip u\u017e standartin\u012f ry\u0161\u012f &#8211; pagal atitinkamo operatoriaus kainora\u0161t\u012f) (toliau &#8211; &#8222;SPORTANO &#8222;).\u00a0\u00a0<\/p>\n\n\n\n<p><strong>[Pardav\u0117jo apibr\u0117\u017eimas atnaujintas d\u0117l Pardav\u0117jo \u012fmon\u0117s (pavadinimo) pasikeitimo ir akcinio kapitalo pasikeitimo nuo 28.11.22].<\/strong>&nbsp;<\/p>\n\n\n\n<p>2. Tinklara\u0161\u010dio taisykl\u0117se neapibr\u0117\u017etos s\u0105vokos did\u017eiosiomis raid\u0117mis turi toki\u0105 reik\u0161m\u0119, koki\u0105 joms suteikia Tinklara\u0161\u010dio taisykl\u0117s, nebent Tinklara\u0161\u010dio taisykl\u0117se nurodyta kitaip.&nbsp;&nbsp;<\/p>\n\n\n\n<p>3. Kiekvienas fizinis ar juridinis asmuo, besinaudojantis Tinklara\u0161\u010diu (toliau &#8211; Vartotojas), prie\u0161 naudodamasis Tinklara\u0161\u010diu, privalo susipa\u017einti su Tinklara\u0161\u010dio taisykl\u0117mis.&nbsp;&nbsp;<\/p>\n\n\n\n<p>4. Tinklara\u0161\u010dio taisykl\u0117s nemokamai pateikiamos elektronine forma SPORTANO interneto svetain\u0117s titulinio puslapio pora\u0161t\u0117je adresu: https:\/\/sportano.lt\/blog\/naudojimosi-tinklara\u0161\u010diu-s\u0105lygos\/ ir popierine forma SPORTANO b\u016bstin\u0117je.&nbsp;&nbsp;<\/p>\n\n\n\n<p class=\"has-text-align-center\"><strong>II.<\/strong><strong>\u202f\u202f\u202f\u202f\u202f\u202f\u202f\u202f\u202f<\/strong><strong> TINKLARA\u0160\u010cIO PASLAUGOS<\/strong>&nbsp;<\/p>\n\n\n\n<p>1. Naudodama tinklara\u0161\u010dio paslaug\u0105 SPORTANO teiks riboto galiojimo ar naudingumo turinio, pateikiamo nuo naujausio \u012fra\u0161o (paskutinio paskelbto) iki seniausio \u012fra\u0161o, ypa\u010d aktualaus pob\u016bd\u017eio, teikimo paslaug\u0105. SPORTANO turi teis\u0119 bet kuriuo metu keisti Tinklara\u0161\u010dio paslaugoje skelbiam\u0105 turin\u012f, \u012fskaitant visos ar dalies \u0161ioje paslaugoje pateikiamos informacijos pakeitimus, atsisiun\u010diam\u0173 duomen\u0173 pakeitim\u0105 ir dalin\u012f ar visi\u0161k\u0105 paskelbto turinio pa\u0161alinim\u0105.&nbsp;&nbsp;<\/p>\n\n\n\n<p>2. Naudojimosi tinklara\u0161\u010diu prad\u017eia (tinklara\u0161\u010dio teikimo sutarties sudarymas) \u012fvyksta teisingai paleidus paslaug\u0105, kuri\u0105 sudaro teisingo url adreso &#8211; https:\/\/sportano.lt\/blog\/ &#8211; parodymas, vis\u0173 pirma interneto nar\u0161ykl\u0117s adres\u0173 juostoje \u012fvedus \u0161\u012f adres\u0105: https:\/\/sportano.lt\/blog\/.\u202fKiekvienam Vartotojui, prisijungus prie https:\/\/sportano.lt\/blog\/ svetain\u0117s, ekrano apa\u010dioje rodomas prane\u0161imas, kuriame pateikiama informacija apie sutikim\u0105 su Tinklara\u0161\u010dio taisykl\u0117mis ir s\u0105lygomis bei informacija apie slapuk\u0173 tvarkym\u0105.\u202fNaudojimasis Tinklara\u0161\u010diu prilygsta sutikimui su Tinklara\u0161\u010dio taisykl\u0117mis.&nbsp;&nbsp;<\/p>\n\n\n\n<p>3. Tinklara\u0161tis neribot\u0105 laik\u0105 teikiamas nemokamai.&nbsp;&nbsp;<\/p>\n\n\n\n<p>4. Vis\u0173 pirma, Vartotojas privalo:&nbsp;&nbsp;<\/p>\n\n\n\n<p>a) naudotis Tinklara\u0161\u010diu laikydamasis galiojan\u010di\u0173 teis\u0117s akt\u0173 nuostat\u0173 ir nepa\u017eeisdamas tre\u010di\u0173j\u0173 asmen\u0173 teisi\u0173, laikydamasis Tinklara\u0161\u010dio paslaugos teikimo taisykli\u0173 nuostat\u0173, taip pat \u0161iuo at\u017evilgiu priimt\u0173 papro\u010di\u0173 ir visuomeninio sugyvenimo taisykli\u0173;&nbsp;&nbsp;<\/p>\n\n\n\n<p>b) teikti SPORTANO tik teisingus, aktualius ir visus b\u016btinus duomenis;&nbsp;&nbsp;<\/p>\n\n\n\n<p>c) nedelsdamas atnaujinti duomenis, pateiktus SPORTANO sudarant Tinklara\u0161\u010dio paslaugos sutart\u012f, jei duomen\u0173 pateikimas yra b\u016btinas norint naudotis paslauga;&nbsp;&nbsp;<\/p>\n\n\n\n<p>d) neteikti ir neperduoti, kaip Tinklara\u0161\u010dio paslaugos dalies, jokio pagal galiojan\u010dius \u012fstatymus draud\u017eiamo turinio, ypa\u010d turinio, kuris pa\u017eeid\u017eia tre\u010di\u0173j\u0173 \u0161ali\u0173 autori\u0173 teises arba j\u0173 asmenines teises.&nbsp;&nbsp;<\/p>\n\n\n\n<p>5. Norint naudotis Tinklara\u0161\u010diu, \u012fskaitant sutarties d\u0117l Tinklara\u0161\u010dio paslaugos teikimo sudarym\u0105, reikia, kad Vartotojo galinis \u012frenginys ir IRT sistema atitikt\u0173 \u0161iuos minimalius techninius reikalavimus, t. y.: tur\u0117ti kompiuter\u012f ar kit\u0105 \u012frengin\u012f, prijungt\u0105 prie interneto, kurio ekrano rai\u0161ka ne ma\u017eesn\u0117 kaip 1280 x 720 pikseli\u0173, su bent viena i\u0161 \u0161i\u0173 interneto nar\u0161ykli\u0173: &#8222;Chrome&#8221; 94 ir naujesn\u0117s versijos, &#8222;Internet Explorer&#8221; 11 ir naujesn\u0117s versijos, &#8222;Firefox&#8221; 93 ir naujesn\u0117s versijos, &#8222;Edge&#8221; 94 ir naujesn\u0117s versijos, &#8222;Safari&#8221; 14 ir naujesn\u0117s versijos, &#8222;Opera&#8221; 80 ir naujesn\u0117s versijos, palaikan\u010dios &#8222;Java Script&#8221; ir leid\u017eian\u010dios i\u0161saugoti slapukus.&nbsp;&nbsp;<\/p>\n\n\n\n<p>6. Naudojimasis Tinklara\u0161\u010diu kaip elektronine paslauga yra susij\u0119s su tipine rizika, susijusia su duomen\u0173 perdavimu internetu, pavyzd\u017eiui, Vartotojo duomen\u0173 platinimu, ne\u012fgaliot\u0173 asmen\u0173 prieiga prie j\u0173 arba j\u0173 praradimu. SPORTANO ir Vartotojai privalo imtis priemoni\u0173 \u0161iai rizikai suma\u017einti.&nbsp;&nbsp;<\/p>\n\n\n\n<p class=\"has-text-align-center\"><strong>III.<\/strong><strong>\u202f\u202f\u202f\u202f\u202f\u202f\u202f\u202f<\/strong><strong> ASMENS DUOMEN\u0172 TVARKYMAS<\/strong>&nbsp;<\/p>\n\n\n\n<p>1. Vartotojo asmens duomenis tvarko SPORTANO kaip asmens duomen\u0173 valdytojas. Vartotojas asmens duomenis pateikia savanori\u0161kai, ta\u010diau jie yra b\u016btini norint naudotis Tinklara\u0161\u010diu. Nepateikus reikalaujam\u0173 asmens duomen\u0173, b\u016btin\u0173 tam tikros r\u016b\u0161ies paslaugoms Tinklara\u0161tyje teikti, gali b\u016bti ne\u012fmanoma naudotis tam tikromis SPORTANO si\u016blomomis paslaugomis Tinklara\u0161tyje.&nbsp;&nbsp;<\/p>\n\n\n\n<p>2. I\u0161sami informacija apie asmens duomen\u0173 apsaug\u0105 pateikiama <a href=\"https:\/\/sportano.lt\/privatumo-ir-slapuku-politika\" target=\"_blank\" rel=\"noreferrer noopener\">Privatumo ir slapuk\u0173 politikoje<\/a>.&nbsp;&nbsp;<\/p>\n\n\n\n<p class=\"has-text-align-center\"><strong>IV.<\/strong><strong>\u202f\u202f\u202f\u202f\u202f\u202f\u202f<\/strong><strong> <\/strong><strong>\u202f<\/strong><strong>INTELEKTIN\u0116 NUOSAVYB\u0116<\/strong>&nbsp;<\/p>\n\n\n\n<p>1. Teis\u0117s \u012f visus elementus, \u012fskaitant k\u016brinius, kaip apibr\u0117\u017eta 1994 m. vasario 4 d. Autori\u0173 teisi\u0173 ir gretutini\u0173 teisi\u0173 \u012fstatyme, kuriuos pateikia SPORTANO ar jos partneriai, ypa\u010d autori\u0173 teises, priklauso SPORTANO arba subjektams, su kuriais SPORTANO yra sudariusi atitinkamas sutartis.&nbsp;&nbsp;<\/p>\n\n\n\n<p>2. Vartotojas turi teis\u0119 nemokamai naudotis pirmiau min\u0117tu turiniu tik savo asmeninio naudojimo ribose ir tik tinkamo Tinklara\u0161\u010dio naudojimo tikslais, be teritorini\u0173 apribojim\u0173. Naudoti min\u0117t\u0105 turin\u012f bet kokia kita apimtimi leid\u017eiama tik gavus ai\u0161k\u0173 i\u0161ankstin\u012f ra\u0161ytin\u012f \u012fgalioto subjekto suteikt\u0105 sutikim\u0105, gresiant negaliojimo pavojui.&nbsp;&nbsp;<\/p>\n\n\n\n<p class=\"has-text-align-center\"><strong>V.<\/strong><strong>\u202f\u202f\u202f\u202f\u202f\u202f\u202f\u202f\u202f<\/strong><strong> NUSISKUNDIMAI<\/strong>&nbsp;<\/p>\n\n\n\n<p>1. Vartotojas gali prane\u0161ti apie pa\u017eeidimus, susijusius su Tinklara\u0161\u010dio paslauga, pateikdamas skundus. Skundus galima pateikti, pavyzd\u017eiui, elektroniniu pa\u0161tu \u0161iuo el. pa\u0161to adresu: info@sportano.lt.&nbsp;&nbsp;<\/p>\n\n\n\n<p>2. Skundus SPORTANO nagrin\u0117ja nedelsdama, ne v\u0117liau kaip per 14 dien\u0173 nuo j\u0173 pateikimo.&nbsp;&nbsp;<\/p>\n\n\n\n<p>3. Siekiant pagreitinti skundo nagrin\u0117jim\u0105, rekomenduojama nurodyti skund\u0105 teikian\u010dio asmens vard\u0105, pavard\u0119 ir kontaktinius duomenis, taip pat apra\u0161yti skund\u0105 pagrind\u017eian\u010dias prie\u017eastis.&nbsp;&nbsp;<\/p>\n\n\n\n<p>4. Nei SPORTANO, nei jos darbuotojai, \u012fgalioti atstovai ir advokatai neatsako u\u017e Vartotoj\u0105, kuris n\u0117ra vartotoju, jo subrangovus, darbuotojus, \u012fgaliotus atstovus ir (arba) advokatus u\u017e bet koki\u0105 \u017eal\u0105, \u012fskaitant prarast\u0105 peln\u0105, i\u0161skyrus atvejus, kai \u017eal\u0105 jie padar\u0117 ty\u010dia. Kai nustatoma SPORTANO, jos darbuotoj\u0173, \u012fgaliot\u0173 atstov\u0173 ir (arba) \u012fgaliot\u0173j\u0173 atstov\u0173 atsakomyb\u0117, tokia atsakomyb\u0117 prie\u0161 Vartotoj\u0105, kuris n\u0117ra vartotoju, nepriklausomai nuo jos teisinio pagrindo, yra ribojama &#8211; tiek vieno reikalavimo, tiek vis\u0173 reikalavim\u0173 bendrai &#8211; iki 500 PLN sumos.&nbsp;&nbsp;<\/p>\n\n\n\n<p class=\"has-text-align-center\"><strong>VI.<\/strong><strong>\u202f\u202f\u202f\u202f\u202f\u202f\u202f<\/strong><strong> SUTARTIES NUTRAUKIMAS IR TINKLARA\u0160\u010cIO NUOSTAT\u0172 PAKEITIMAS&nbsp;<\/strong>&nbsp;<\/p>\n\n\n\n<p>1. Vartotojas turi galimyb\u0119 bet kuriuo metu ir nenurodydamas prie\u017easties atsisakyti naudotis Tinklara\u0161\u010diu (nutraukti tinklara\u0161\u010dio paslaug\u0173 sutart\u012f), vis\u0173 pirma u\u017edarydamas SPORTANO interneto svetain\u0119, kurioje skelbiamas Tinklara\u0161\u010dio \u012fra\u0161as.&nbsp;&nbsp;&nbsp;<\/p>\n\n\n\n<p>2. SPORTANO gali bet kada nutraukti Tinklara\u0161\u010dio paslaug\u0173 sutart\u012f, \u012fsp\u0117jusi prie\u0161 14 dien\u0173, d\u0117l toliau nurodyt\u0173 svarbi\u0173 prie\u017eas\u010di\u0173:&nbsp;&nbsp;<\/p>\n\n\n\n<p>a) pasikeitus teisin\u0117ms nuostatoms, reglamentuojan\u010dioms SPORTANO elektronini\u0173 paslaug\u0173 teikim\u0105, turin\u010dioms \u012ftakos Tinklara\u0161\u010dio paslaug\u0173 sutartyje nustatytoms abipus\u0117ms teis\u0117ms ir pareigoms, arba pasikeitus min\u0117t\u0173 teisini\u0173 nuostat\u0173 ai\u0161kinimui d\u0117l teism\u0173 sprendim\u0173, nutar\u010di\u0173, rekomendacij\u0173 ar \u0161ioje srityje kompetenting\u0173 institucij\u0173 ar \u012fstaig\u0173 rekomendacij\u0173;&nbsp;&nbsp;<\/p>\n\n\n\n<p>b) paslaug\u0173 teikimo b\u016bdo pasikeitim\u0105 d\u0117l technini\u0173 ar technologini\u0173 prie\u017eas\u010di\u0173, pavyzd\u017eiui, d\u0117l Tinklara\u0161\u010dio taisykl\u0117se nurodyt\u0173 technini\u0173 reikalavim\u0173 atnaujinimo;&nbsp;&nbsp;<\/p>\n\n\n\n<p>c) paslaug\u0173, kurioms taikomi Tinklara\u0161\u010dio nuostatai, apimties ar teikimo apimties pasikeitimas, SPORTANO \u012fvedant naujas, modifikuojant ar atsisakant esam\u0173 funkcij\u0173 ar paslaug\u0173, kurioms taikomi Tinklara\u0161\u010dio nuostatai;&nbsp;&nbsp;<\/p>\n\n\n\n<p>d) su SPORTANO bendradarbiaujan\u010di\u0173 subjekt\u0173 teikiam\u0173 paslaug\u0173 apimties ar teikimo pokytis, \u0161iems subjektams \u012fvedant naujas, modifikuojant ar panaikinant esamas funkcijas ar paslaugas, turintis \u012ftakos Vartotojo ir SPORTANO tarpusavio teis\u0117ms ir pareigoms.&nbsp;&nbsp;<\/p>\n\n\n\n<p>3. SPORTANO pateikia savo parei\u0161kim\u0105 2 dalyje nurodyta apimtimi, paskelbdama j\u012f interneto svetain\u0117je, kurioje teikiamas Tinklara\u0161tis: https:\/\/sportano.lt\/blog\/.&nbsp;&nbsp;<\/p>\n\n\n\n<p>4. SPORTANO gali neleisti Vartotojui toliau naudotis Tinklara\u0161\u010diu, taip pat nutraukti su Vartotoju sudaryt\u0105 Tinklara\u0161\u010dio teikimo sutart\u012f, apie tai \u012fsp\u0117jusi Vartotoj\u0105 prie\u0161 7 dienas, jei Vartotojas \u0161iurk\u0161\u010diai pa\u017eeid\u017eia Tinklara\u0161\u010dio nuostat\u0173 II dalies 4 punkto a papunkt\u012f.&nbsp;&nbsp;<\/p>\n\n\n\n<p>5. SPORTANO gali pakeisti \u0161iuos Tinklara\u0161\u010dio nuostatus d\u0117l svarbi\u0173 prie\u017eas\u010di\u0173, t. y. vis\u0173 pirma atsiradus bent vienai i\u0161 2 dalyje nurodyt\u0173 prie\u017eas\u010di\u0173.&nbsp;&nbsp;<\/p>\n\n\n\n<p>6. Pakeitus Tinklara\u0161\u010dio nuostatus, SPORTANO pateiks suvestin\u012f Tinklara\u0161\u010dio nuostat\u0173 tekst\u0105, paskelbdama j\u012f kaip SPORTANO interneto svetain\u0117s, esan\u010dios domene www.sportano.lt, dal\u012f, kurioje bus galima skaityti ir i\u0161saugoti suvestin\u012f nuostat\u0173 tekst\u0105.&nbsp;&nbsp;<\/p>\n\n\n\n<p>7. Tinklara\u0161\u010dio nuostat\u0173 pakeitimai \u012fsigalioja pra\u0117jus 14 dien\u0173 nuo informacijos apie pakeitim\u0105 paskelbimo dienos. Vartotojas turi teis\u0119 nutraukti Tinklara\u0161\u010dio teikimo sutart\u012f per 14 dien\u0173 nuo prane\u0161imo apie Tinklara\u0161\u010dio nuostat\u0173 pakeitim\u0105 dienos.&nbsp;&nbsp;<\/p>\n\n\n\n<p class=\"has-text-align-center\"><strong>VII.<\/strong><strong>\u202f\u202f\u202f\u202f\u202f\u202f<\/strong><strong> BAIGIAMOSIOS NUOSTATOS<\/strong>&nbsp;<\/p>\n\n\n\n<p>1. Tinklara\u0161\u010dio taisykl\u0117s \u012fsigalioja nuo 2022-05-10.&nbsp;&nbsp;<\/p>\n\n\n\n<p>2. Sutartis d\u0117l Tinklara\u0161\u010dio teikimo sudaroma lietuvi\u0173 kalba.&nbsp;&nbsp;<\/p>\n\n\n\n<p>3. Sudarytos sutarties d\u0117l Tinklara\u0161\u010dio teikimo reik\u0161ming\u0173 nuostat\u0173 \u012ftvirtinimas, saugumas ir prieinamumas vykdomas pateikiant Tinklara\u0161\u010dio nuostatus interneto svetain\u0117s pora\u0161t\u0117je adresu: <a href=\"https:\/\/sportano.lt\/blog\/sportano-pl-tinklarascio-paslaugos-naudojimo-taisykles-ir-salygos\/\" target=\"_blank\" rel=\"noreferrer noopener\">https:\/\/sportano.lt\/blog\/naudojimosi-tinklara\u0161\u010diu-s\u0105lygos\/<\/a> tokiu b\u016bdu, kad b\u016bt\u0173 galima j\u012f atsisi\u0173sti, atgaminti ir i\u0161saugoti Vartotojo \u012frenginyje.&nbsp;&nbsp;<\/p>\n\n\n\n<p>4. Tinklara\u0161\u010dio nuostatuose nereglamentuotais klausimais taikomos visuotinai privalomos Lenkijos teis\u0117s nuostatos.&nbsp;<\/p>\n","protected":false},"excerpt":{"rendered":"<p>I.\u202f\u202f\u202f\u202f\u202f\u202f\u202f\u202f\u202f\u202f BENDROSIOS NUOSTATOS&nbsp; 1. Taisykl\u0117se apra\u0161omi Tinklara\u0161\u010dio paslaugos (toliau &#8211; Tinklara\u0161tis) teikimo principai interneto paslaugoje, kuri teikiama domene www.sportano.lt (toliau &#8211; Tinklara\u0161\u010dio taisykl\u0117s), kuri\u0105 teikia SPORTANO.COM sp\u00f3\u0142ka z ograniczon\u0105 odpowiedzialno\u015bci\u0105, kurios registruota buvein\u0117 yra Zielona G\u00f3ra (ul. Wroc\u0142awska 17B\/15, 65-427 Zielona G\u00f3ra), \u012fra\u0161yta \u012f Verslinink\u0173 registr\u0105, kur\u012f tvarko Zielona Guros apylink\u0117s teismas, 8-asis komercinis skyrius [&hellip;]<\/p>\n","protected":false},"author":7,"featured_media":0,"parent":0,"menu_order":0,"comment_status":"closed","ping_status":"closed","template":"","meta":{"_acf_changed":false,"footnotes":""},"class_list":["post-703","page","type-page","status-publish","hentry"],"acf":[],"yoast_head":"<!-- This site is optimized with the Yoast SEO plugin v27.1.1 - https:\/\/yoast.com\/product\/yoast-seo-wordpress\/ -->\n<title>SPORTANO.LT TINKLARA\u0160\u010cIO PASLAUGOS NAUDOJIMO TAISYKL\u0116S IR S\u0104LYGOS\u00a0 - sportano.lt<\/title>\n<meta name=\"robots\" content=\"index, follow, max-snippet:-1, max-image-preview:large, max-video-preview:-1\" \/>\n<link rel=\"canonical\" href=\"https:\/\/sportano.lt\/blog\/sportano-pl-tinklarascio-paslaugos-naudojimo-taisykles-ir-salygos\/\" \/>\n<meta property=\"og:locale\" content=\"lt_LT\" \/>\n<meta property=\"og:type\" content=\"article\" \/>\n<meta property=\"og:title\" content=\"SPORTANO.LT TINKLARA\u0160\u010cIO PASLAUGOS NAUDOJIMO TAISYKL\u0116S IR S\u0104LYGOS\u00a0 - sportano.lt\" \/>\n<meta property=\"og:description\" content=\"I.\u202f\u202f\u202f\u202f\u202f\u202f\u202f\u202f\u202f\u202f BENDROSIOS NUOSTATOS&nbsp; 1. Taisykl\u0117se apra\u0161omi Tinklara\u0161\u010dio paslaugos (toliau &#8211; Tinklara\u0161tis) teikimo principai interneto paslaugoje, kuri teikiama domene www.sportano.lt (toliau &#8211; Tinklara\u0161\u010dio taisykl\u0117s), kuri\u0105 teikia SPORTANO.COM sp\u00f3\u0142ka z ograniczon\u0105 odpowiedzialno\u015bci\u0105, kurios registruota buvein\u0117 yra Zielona G\u00f3ra (ul. Wroc\u0142awska 17B\/15, 65-427 Zielona G\u00f3ra), \u012fra\u0161yta \u012f Verslinink\u0173 registr\u0105, kur\u012f tvarko Zielona Guros apylink\u0117s teismas, 8-asis komercinis skyrius [&hellip;]\" \/>\n<meta property=\"og:url\" content=\"https:\/\/sportano.lt\/blog\/sportano-pl-tinklarascio-paslaugos-naudojimo-taisykles-ir-salygos\/\" \/>\n<meta property=\"og:site_name\" content=\"sportano.lt\" \/>\n<meta property=\"article:modified_time\" content=\"2025-04-02T11:12:40+00:00\" \/>\n<meta name=\"twitter:card\" content=\"summary_large_image\" \/>\n<meta name=\"twitter:label1\" content=\"Est. reading time\" \/>\n\t<meta name=\"twitter:data1\" content=\"7 minut\u0117s\" \/>\n<!-- \/ Yoast SEO plugin. -->","yoast_head_json":{"title":"SPORTANO.LT TINKLARA\u0160\u010cIO PASLAUGOS NAUDOJIMO TAISYKL\u0116S IR S\u0104LYGOS\u00a0 - sportano.lt","robots":{"index":"index","follow":"follow","max-snippet":"max-snippet:-1","max-image-preview":"max-image-preview:large","max-video-preview":"max-video-preview:-1"},"canonical":"https:\/\/sportano.lt\/blog\/sportano-pl-tinklarascio-paslaugos-naudojimo-taisykles-ir-salygos\/","og_locale":"lt_LT","og_type":"article","og_title":"SPORTANO.LT TINKLARA\u0160\u010cIO PASLAUGOS NAUDOJIMO TAISYKL\u0116S IR S\u0104LYGOS\u00a0 - sportano.lt","og_description":"I.\u202f\u202f\u202f\u202f\u202f\u202f\u202f\u202f\u202f\u202f BENDROSIOS NUOSTATOS&nbsp; 1. Taisykl\u0117se apra\u0161omi Tinklara\u0161\u010dio paslaugos (toliau &#8211; Tinklara\u0161tis) teikimo principai interneto paslaugoje, kuri teikiama domene www.sportano.lt (toliau &#8211; Tinklara\u0161\u010dio taisykl\u0117s), kuri\u0105 teikia SPORTANO.COM sp\u00f3\u0142ka z ograniczon\u0105 odpowiedzialno\u015bci\u0105, kurios registruota buvein\u0117 yra Zielona G\u00f3ra (ul. Wroc\u0142awska 17B\/15, 65-427 Zielona G\u00f3ra), \u012fra\u0161yta \u012f Verslinink\u0173 registr\u0105, kur\u012f tvarko Zielona Guros apylink\u0117s teismas, 8-asis komercinis skyrius [&hellip;]","og_url":"https:\/\/sportano.lt\/blog\/sportano-pl-tinklarascio-paslaugos-naudojimo-taisykles-ir-salygos\/","og_site_name":"sportano.lt","article_modified_time":"2025-04-02T11:12:40+00:00","twitter_card":"summary_large_image","twitter_misc":{"Est. reading time":"7 minut\u0117s"},"schema":{"@context":"https:\/\/schema.org","@graph":[{"@type":"WebPage","@id":"https:\/\/sportano.lt\/blog\/sportano-pl-tinklarascio-paslaugos-naudojimo-taisykles-ir-salygos\/","url":"https:\/\/sportano.lt\/blog\/sportano-pl-tinklarascio-paslaugos-naudojimo-taisykles-ir-salygos\/","name":"SPORTANO.LT TINKLARA\u0160\u010cIO PASLAUGOS NAUDOJIMO TAISYKL\u0116S IR S\u0104LYGOS\u00a0 - sportano.lt","isPartOf":{"@id":"https:\/\/sportano.lt\/blog\/#website"},"datePublished":"2024-02-27T09:02:20+00:00","dateModified":"2025-04-02T11:12:40+00:00","breadcrumb":{"@id":"https:\/\/sportano.lt\/blog\/sportano-pl-tinklarascio-paslaugos-naudojimo-taisykles-ir-salygos\/#breadcrumb"},"inLanguage":"lt-LT","potentialAction":[{"@type":"ReadAction","target":["https:\/\/sportano.lt\/blog\/sportano-pl-tinklarascio-paslaugos-naudojimo-taisykles-ir-salygos\/"]}]},{"@type":"BreadcrumbList","@id":"https:\/\/sportano.lt\/blog\/sportano-pl-tinklarascio-paslaugos-naudojimo-taisykles-ir-salygos\/#breadcrumb","itemListElement":[{"@type":"ListItem","position":1,"name":"Home","item":"https:\/\/sportano.lt\/blog\/"},{"@type":"ListItem","position":2,"name":"SPORTANO.LT TINKLARA\u0160\u010cIO PASLAUGOS NAUDOJIMO TAISYKL\u0116S IR S\u0104LYGOS\u00a0"}]},{"@type":"WebSite","@id":"https:\/\/sportano.lt\/blog\/#website","url":"https:\/\/sportano.lt\/blog\/","name":"sportano.lt","description":"Interneto sporto parduotuv\u0117","potentialAction":[{"@type":"SearchAction","target":{"@type":"EntryPoint","urlTemplate":"https:\/\/sportano.lt\/blog\/?s={search_term_string}"},"query-input":{"@type":"PropertyValueSpecification","valueRequired":true,"valueName":"search_term_string"}}],"inLanguage":"lt-LT"}]}},"_links":{"self":[{"href":"https:\/\/sportano.lt\/blog\/wp-json\/wp\/v2\/pages\/703","targetHints":{"allow":["GET"]}}],"collection":[{"href":"https:\/\/sportano.lt\/blog\/wp-json\/wp\/v2\/pages"}],"about":[{"href":"https:\/\/sportano.lt\/blog\/wp-json\/wp\/v2\/types\/page"}],"author":[{"embeddable":true,"href":"https:\/\/sportano.lt\/blog\/wp-json\/wp\/v2\/users\/7"}],"replies":[{"embeddable":true,"href":"https:\/\/sportano.lt\/blog\/wp-json\/wp\/v2\/comments?post=703"}],"version-history":[{"count":6,"href":"https:\/\/sportano.lt\/blog\/wp-json\/wp\/v2\/pages\/703\/revisions"}],"predecessor-version":[{"id":1434,"href":"https:\/\/sportano.lt\/blog\/wp-json\/wp\/v2\/pages\/703\/revisions\/1434"}],"wp:attachment":[{"href":"https:\/\/sportano.lt\/blog\/wp-json\/wp\/v2\/media?parent=703"}],"curies":[{"name":"wp","href":"https:\/\/api.w.org\/{rel}","templated":true}]}}